factors of 3183?
3, 1061
What are the prime factors of 3195?
3, 5, 71
What are the prime factors of 3393?
3, 13, 29
List the prime factors of 24916.
2, 6229
List the prime factors of 11596.
2, 13, 223
List the prime factors of 1448.
2, 181
What are the prime factors of 38318?
2, 7, 17, 23
List the prime factors of 1425.
3, 5, 19
List the prime factors of 1391.
13, 107
List the prime factors of 8812.
2, 2203
What are the prime factors of 4688?
2, 293
What are the prime factors of 1979?
1979
What are the prime factors of 1322?
2, 661
List the prime factors of 16794.
2, 3, 311
List the prime factors of 35194.
2, 17597
List the prime factors of 3873.
3, 1291
What are the prime factors of 118225?
5, 4729
What are the prime factors of 2577?
3, 859
List the prime factors of 48365.
5, 17, 569
What are the prime factors of 7987?
7, 163
What are the prime factors of 54918?
2, 3, 113
What are the prime factors of 40751?
40751
What are the prime factors of 1348?
2, 337
What are the prime factors of 16490?
2, 5, 17, 97
List the prime factors of 262.
2, 131
What are the prime factors of 12086?
2, 6043
What are the prime factors of 994?
2, 7, 71
What are the prime factors of 65799?
3, 2437
What are the prime factors of 2387?
7, 11, 31
List the prime factors of 46048.
2, 1439
What are the prime factors of 11704?
2, 7, 11, 19
List the prime factors of 498.
2, 3, 83
List the prime factors of 7609.
7, 1087
What are the prime factors of 533?
13, 41
List the prime factors of 141453.
3, 13, 31
What are the prime factors of 21070?
2, 5, 7, 43
What are the prime factors of 1828?
2, 457
What are the prime factors of 1210?
2, 5, 11
List the prime factors of 13263.
3, 4421
What are the prime factors of 1604?
2, 401
What are the prime factors of 42099?
3, 14033
What are the prime factors of 830?
2, 5, 83
What are the prime factors of 1957?
19, 103
List the prime factors of 3859.
17, 227
What are the prime factors of 86067?
3, 73, 131
What are the prime factors of 3654?
2, 3, 7, 29
What are the prime factors of 3296?
2, 103
What are the prime factors of 25519?
13, 151
What are the prime factors of 1829?
31, 59
List the prime factors of 21126.
2, 3, 7, 503
List the prime factors of 5256.
2, 3, 73
What are the prime factors of 2025?
3, 5
What are the prime factors of 52307?
19, 2753
List the prime factors of 1727.
11, 157
What are the prime factors of 3869?
53, 73
List the prime factors of 1464.
2, 3, 61
List the prime factors of 8886.
2, 3, 1481
List the prime factors of 17736.
2, 3, 739
List the prime factors of 21602.
2, 7, 1543
List the prime factors of 19269.
3, 2141
List the prime factors of 453.
3, 151
What are the prime factors of 5275?
5, 211
List the prime factors of 54355.
5, 7, 1553
What are the prime factors of 4225?
5, 13
What are the prime factors of 876?
2, 3, 73
What are the prime factors of 91457?
91457
List the prime factors of 6513.
3, 13, 167
What are the prime factors of 15281?
7, 37, 59
What are the prime factors of 54544?
2, 7, 487
List the prime factors of 25918.
2, 12959
What are the prime factors of 2282?
2, 7, 163
What are the prime factors of 9876?
2, 3, 823
List the prime factors of 1207.
17, 71
What are the prime factors of 2351?
2351
List the prime factors of 814.
2, 11, 37
What are the prime factors of 6271?
6271
What are the prime factors of 3658?
2, 31, 59
What are the prime factors of 47064?
2, 3, 37, 53
List the prime factors of 21500.
2, 5, 43
List the prime factors of 10564.
2, 19, 139
List the prime factors of 8359.
13, 643
List the prime factors of 35434.
2, 7, 2531
List the prime factors of 27219.
3, 43, 211
List the prime factors of 804.
2, 3, 67
What are the prime factors of 16871?
16871
List the prime factors of 151.
151
What are the prime factors of 1292?
2, 17, 19
List the prime factors of 25991.
7, 47, 79
List the prime factors of 773.
773
What are the prime factors of 3779?
3779
What are the prime factors of 4315?
5, 863
What are the prime factors of 4602?
2, 3, 13, 59
What are the prime factors of 5818?
2, 2909
List the prime factors of 474.
2, 3, 79
List the prime factors of 12951.
3, 1439
What are the prime factors of 2721?
3, 907
List the prime factors of 1319.
1319
List the prime factors of 12234.
2, 3, 2039
List the prime factors of 1299.
3, 433
List the prime factors of 2103.
3, 701
What are the prime factors of 78867?
3, 23, 127
What are the prime factors of 22814?
2, 11, 17, 61
What are the prime factors of 4056?
2, 3, 13
What are the prime factors of 85949?
61, 1409
What are the prime factors of 105705?
3, 5, 29
What are the prime factors of 61456?
2, 23, 167
List the prime factors of 22853.
22853
What are the prime factors of 21261?
3, 19, 373
What are the prime factors of 1223?
1223
List the prime factors of 2820.
2, 3, 5, 47
What are the prime factors of 3325?
5, 7, 19
List the prime factors of 5111.
19, 269
List the prime factors of 196.
2, 7
What are the prime factors of 7255?
5, 1451
List the prime factors of 2631.
3, 877
What are the prime factors of 7758?
2, 3, 431
List the prime factors of 1805.
5, 19
List the prime factors of 51528.
2, 3, 19, 113
List the prime factors of 1859.
11, 13
What are the prime factors of 1845?
3, 5, 41
What are the prime factors of 795?
3, 5, 53
What are the prime factors of 95112?
2, 3, 1321
What are the prime factors of 8784?
2, 3, 61
List the prime factors of 4125.
3, 5, 11
List the prime factors of 2331.
3, 7, 37
List the prime factors of 4952.
2, 619
List the prime factors of 10603.
23, 461
List the prime factors of 15308.
2, 43, 89
List the prime factors of 3734.
2, 1867
List the prime factors of 10337.
10337
List the prime factors of 85913.
53, 1621
What are the prime factors of 42784?
2, 7, 191
List the prime factors of 3493.
7, 499
List the prime factors of 16985.
5, 43, 79
What are the prime factors of 252?
2, 3, 7
List the prime factors of 1396.
2, 349
What are the prime factors of 1802?
2, 17, 53
What are the prime factors of 186?
2, 3, 31
What are the prime factors of 31283?
7, 41, 109
What are the prime factors of 240?
2, 3, 5
List the prime factors of 999.
3, 37
List the prime factors of 9153.
3, 113
List the prime factors of 31489.
31489
List the prime factors of 783.
3, 29
List the prime factors of 4099.
4099
What are the prime factors of 4658?
2, 17, 137
What are the prime factors of 549?
3, 61
List the prime factors of 21142.
2, 11, 31
What are the prime factors of 18714?
2, 3, 3119
List the prime factors of 2862.
2, 3, 53
What are the prime factors of 1177?
11, 107
List the prime factors of 1214.
2, 607
List the prime factors of 7247.
7247
List the prime factors of 2628.
2, 3, 73
What are the prime factors of 45135?
3, 5, 17, 59
List the prime factors of 368.
2, 23
What are the prime factors of 9602?
2, 4801
List the prime factors of 4102.
2, 7, 293
What are the prime factors of 9466?
2, 4733
List the prime factors of 48546.
2, 3, 29, 31
What are the prime factors of 24467?
43, 569
List the prime factors of 21616.
2, 7, 193
What are the prime factors of 2782?
2, 13, 107
List the prime factors of 8814.
2, 3, 13, 113
List the prime factors of 2807.
7, 401
What are the prime factors of 30304?
2, 947
What are the prime factors of 33684?
2, 3, 7, 401
What are the prime factors of 299?
13, 23
What are the prime factors of 4240?
2, 5, 53
What are the prime factors of 4208?
2, 263
List the prime factors of 14182.
2, 7, 1013
What are the prime factors of 5577?
3, 11, 13
List the prime factors of 63608.
2, 7951
List the prime factors of 12666.
2, 3, 2111
What are the prime factors of 2604?
2, 3, 7, 31
List the prime factors of 170.
2, 5, 17
What are the prime factors of 149604?
2, 3, 7, 13, 137
What are the prime factors of 5243?
7, 107
List the prime factors of 50378.
2, 25189
What are the prime factors of 1205?
5, 241
List the prime factors of 15906.
2, 3, 11, 241
List the prime factors of 407.
11, 37
What are the prime factors of 39178?
2, 19, 1031
What are the prime factors of 841?
29
What are the prime factors of 26647?
26647
What are the prime factors of 3962?
2, 7, 283
List the prime factors of 12951.
3, 1439
What are the prime factors of 7425?
3, 5, 11
List the prime factors of 14256.
2, 3, 11
List the prime factors of 36754.
2, 17, 23, 47
What are the prim